ive of y**2 + 1/6*y**3 - 2*y + 0. What is the units digit of g(6)?
8
Let d = -283 - -466. What is the hundreds digit of d?
1
Let o(c) = -c**2 + 5*c + 5. Let m be o(6). Let v be m/3 - 658/(-21). Let q = 51 - v. What is the units digit of q?
0
Suppose -2160 = v + 7*v. Let m = v + 425. What is the hundreds digit of m?
1
Let u be (-225)/(-10) + (-3)/6. Let x = 26 - u. Let h(m) = 5*m - 1. What is the units digit of h(x)?
9
Let a = 515 + -47. What is the units digit of a?
8
Let h(l) = 6*l - 19. Let j(z) = 13*z + 2. Let o be j(-2). Let d = o + 35. What is the units digit of h(d)?
7
Suppose 7*i + 116 = 3*i. Let h = i - -91. What is the tens digit of h?
6
Suppose -2*i + 6*b + 1518 = 8*b, 2*i - 4*b = 1500. What is the tens digit of i?
5
Suppose 2523 - 313 = 5*x. What is the tens digit of x?
4
Let f = 437 - -467. What is the tens digit of f?
0
What is the hundreds digit of (6 - 0)*2140/40?
3
Let k(b) = -5*b**2 + 7*b**2 + b**2 + 2*b + 3 - 2*b**2. Let h be -3 + 5/(10/(-4)). What is the tens digit of k(h)?
1
Suppose 11 = 2*s + 1. Suppose -l - j = 4*l - 955, 980 = s*l - 4*j. What is the tens digit of l?
9
Let d = -2393 + 3736. What is the tens digit of d?
4
Let g be (10/(-8))/(5/20). What is the units digit of (g + 1)/(3/(-6))?
8
Let w = 171 - 29. Suppose 5*p - w - 248 = 0. What is the units digit of p?
8
Suppose 35*a = 20*a + 42405. What is the tens digit of a?
2
Let g = 231 - 162. What is the units digit of g?
9
Let f = 2135 - 1397. What is the hundreds digit of f?
7
Let c(r) = 25*r**2 + r + 46. What is the tens digit of c(6)?
5
Let c(w) be the second derivative of 5*w**3/6 + 60*w**2 + 21*w. What is the tens digit of c(0)?
2
Let g be (24/(-28))/((-1)/(-14)). Let z = 1 - g. Suppose 33 = 5*h + 3*c, 5*c + z = 2*h + h. What is the units digit of h?
6
Let t(j) = 31 - 36*j - 57*j - 13 + 27. What is the hundreds digit of t(-3)?
3
Suppose 5*y + 3*k - 6604 = -654, 0 = -2*y + 3*k + 2380. What is the hundreds digit of y?
1
Let o be (4 + 0)*34/4. Suppose 2*j = 3*q - o, 4*j = 4*q - 0 - 48. What is the units digit of 13/65 - (-188)/q?
9
Let j = 653 - 494. What is the hundreds digit of j?
1
Suppose m = -20 + 21. What is the units digit of -2*(-28)/8*m?
7
Let z be (10/2)/(6/(-138)). Let l = 138 + z. What is the tens digit of l?
2
What is the thousands digit of (-7 - -4912)*(-2)/(-5)?
1
Let t(h) = -2*h**3 + h + 5. Let o be t(0). Suppose 3*n - 5*y = 21 + 13, 0 = -3*n - o*y + 14. What is the units digit of n?
8
Let v be -3 - -1*(3 + 3). Suppose 0*x + v*x = 0. Suppose f = -2*m + 33, -2*m + f = -x*f - 31. What is the tens digit of m?
1
Let x(f) = 2*f**3 - 2*f + 15. What is the units digit of x(8)?
3
Let q be 22 - 1*(-4 + 1). Let f(v) = q + 2*v + 2*v + 0*v - v. What is the units digit of f(-6)?
7
Suppose 5*m - 13 = 7. Suppose -m*v + 87 = -3*v. What is the units digit of v?
7
Let j(n) be the second derivative of n**3 + 23*n**2 - 3*n. What is the tens digit of j(0)?
4
Let d(w) = w - 14. Let c be d(7). What is the tens digit of (-4990)/(-70) - (-2)/c?
7
Let i(m) = 2*m**2 + 2*m + 153. Suppose 2*w = -2*v + 10 - 0, -w + 5 = 4*v. What is the tens digit of i(v)?
5
Suppose 1010 = 27*v - 448. What is the tens digit of v?
5
Let q(l) = 0 + 2 + 6*l**3 + l - 4 - l**2 - 5*l**3. Let z be q(2). Suppose -4*j = -152 - z. What is the tens digit of j?
3
Suppose 2*p = 4*p + 2. Let w be p/(-4 + 293/73). Let h = 112 + w. What is the units digit of h?
9
Let a = 159 - 310. Let o = a - -283. What is the hundreds digit of o?
1
Let x(s) = 2 - 4*s + 3*s**3 - 4*s**3 - 3*s**2 + 1. Let n be x(-3). Let i = n - 6. What is the units digit of i?
9
Let o = 3 + -3. Suppose 76 + 20 = 2*w. Suppose -3*s + w - 12 = o. What is the units digit of s?
2
Let d(l) = -14*l**3 - 2*l**2 + l + 22. What is the units digit of d(-5)?
7
Suppose -939 = -3*f - 3*q, -f + 305 = -0*f - 3*q. What is the tens digit of f?
1
Let x = 49 + -33. Suppose -460 = 18*j - x*j. What is the tens digit of (j/25)/((-2)/10)?
4
Let d(g) = -g - 8. Let x be d(19). Let t = x - -123. What is the units digit of t?
6
Suppose 3*z = -0*s - 5*s + 605, -4*s - z = -484. What is the units digit of s?
1
Let j = -1247 - -3125. What is the tens digit of j?
7
Let j = 1233 + -877. What is the tens digit of j?
5
Let w(z) = -z**3 + 4*z**2 + 7*z - 4. Suppose -4*s - 38 = -2. Let u = 14 + s. What is the units digit of w(u)?
6
Suppose -4*y = 13*j - 12*j - 4472, 0 = -4*y - 3*j + 4480. What is the units digit of y?
7
Suppose 0*s + 4653 = 9*s. What is the units digit of s?
7
What is the thousands digit of 59*(-1)/((-955)/190 + 5)?
2
Let h(k) = 32*k**2 + 2*k + 1. What is the tens digit of h(-1)?
3
Let t(m) = -m - 1. Let k(u) = 8*u + 1. Let z(y) = k(y) + 4*t(y). Let a be z(5). Suppose -5*g + d + 170 = -20, g = -4*d + a. What is the tens digit of g?
3
Suppose 6*j = -0*j + 3*j. Suppose j = -8*v + 10*v - 144. What is the units digit of v?
2
Let i(h) = 753*h**2 + 8*h - 7. What is the tens digit of i(1)?
5
Let z(y) = 13*y**3 + 5*y**2 - y + 3. What is the tens digit of z(3)?
9
What is the units digit of (10 + (-9950)/(-40))/(2/8)?
5
Suppose -290 - 1310 = -20*a. What is the units digit of a?
0
Suppose -10*s = -23 - 7. Suppose 5*f = s*u + 26, 9*u - 7*u + 20 = 4*f. What is the units digit of f?
4
Let i = 4 + 2. Suppose -2*l = -42 - i. What is the tens digit of l?
2
Let v be (-2)/8*-4 + 33. Let j = v + -38. What is the tens digit of 282/3*(-2)/j?
4
Let x(r) be the first derivative of r**4 - 5*r**3/3 + 11*r**2/2 - 4*r + 11. What is the hundreds digit of x(4)?
2
Suppose 0 = -97*l + 11*l + 31304. What is the units digit of l?
4
Let o(k) = 112*k + 112*k + 14 - 6 - 227*k. What is the tens digit of o(-10)?
3
Let t(u) = -u + 6. Let x be t(0). Let l = x - 2. Suppose -3*s + l = -17. What is the units digit of s?
7
Suppose 3*t = 5*c - 510, -2*c - 3*c - 2*t = -510. Let a = -77 + c. What is the tens digit of a?
2
Let r(c) = -33*c - 63. What is the tens digit of r(-35)?
9
What is the units digit of 5 + -7 + 872 + (-3)/(-1)?
3
Suppose 3*r = -5*u + 1462, -u - r = 4*u - 1464. What is the hundreds digit of u?
2
Let x(m) = -m**2 - 16*m - 8. Let w be x(-16). Let z be 11 + w + (1 - 1). What is the units digit of 21/(-3)*(-1 - z)?
8
Let w = -2060 - -3326. What is the tens digit of w?
6
What is the units digit of 6 + 184/(-32) + 4934/8?
7
Suppose -1289 = -3*d + v, 0*d + 5*v = d - 425. What is the units digit of d?
0
Let x = -21 - -11. Let m = x + 41. What is the tens digit of m?
3
Let o(a) = 4*a**2 - 25*a - 7. Let y be o(6). What is the units digit of y/(-78) - 815/(-6)?
6
Let b(f) = 11 + 12 - 19*f + 35*f. What is the units digit of b(7)?
5
Suppose 0 = 2*z + 2*z + 3*j, 0 = 2*z + 2*j. Suppose -3*q = -z*q - 18. Suppose x - 2*t = q, -t + 0*t + 11 = 3*x. What is the units digit of x?
4
Suppose 2*c + 0*c - 31 = 3*y, 0 = 5*c - 5*y - 70. Let k = 45 - c. What is the tens digit of k?
3
Let k(n) = 3 - 4 - 5*n - 10 + 15*n. What is the units digit of k(14)?
9
Let y = -169 - -96. Let q = y - -352. What is the units digit of q?
9
Let a(m) = m - 12. Let z be a(6). Let j = z + 8. Suppose j*r - 14 - 48 = 0. What is the tens digit of r?
3
Let p be (3/2)/((-48)/(-3200)). What is the units digit of (6 - 4)/(8/p)?
5
Let x(n) = 19*n**2 + 1. Suppose 0 = 4*r + 20, -4*b + r = -0*r + 31. Let y = b - -8. What is the tens digit of x(y)?
2
Suppose -4*m + m = -4*n + 3992, 4*m - 2969 = -3*n. What is the hundreds digit of n?
9
Suppose 4*q - 16 = -4*q. Suppose -w = -q*w + 3*z + 85, -2*z = -5*w + 412. What is the units digit of w?
2
Let i = 177 + 426. What is the tens digit of i?
0
Suppose 4*u - 195 = 3*o, 4*u + 3*o - 162 = u. Suppose -5*j + 324 = -u. Suppose 2*s - j = 3*v + 16, -5*s = v - 185. What is the tens digit of s?
3
Let b(a) = a**2 - 19*a - 10. Let d be b(19). What is the units digit of (-2)/d + (-1445)/(-25)?
8
Suppose 0 = 2*m - t - 313, -3*t + 66 = 4*m - 545. What is the tens digit of m?
5
Let t(n) = 11*n**2 + 11*n + 5. Let k be t(-4). Let z = -62 + k. What is the units digit of z?
5
Let d = -317 + 514. Let m = -95 + d. What is the units digit of m?
2
Let m(l) = 4*l + 7. Let i be 31/(-6) + 5 - 26/(-12). What is the units digit of m(i)?
5
Let j = 6 - -7. Suppose j*v - 44 = 9*v. What is the tens digit of v?
1
Let u be -6 - 9/(27/(-12)). What is the tens digit of (-42)/(-24) + u - 1290/(-8)?
6
What is the units digit of -10 + 696 + 2/(